-354 = -8*v + 5*v. Suppose -4*c - 4*z + 92 = 0, 15 = -5*c - z + v. Let g = -9 + c. What are the prime factors of g?
11
Suppose -66*s = -72*s + 2514. What are the prime factors of s?
419
Let o = 40 - 35. List the prime factors of 358/6 - o/(-15).
2, 3, 5
Let b(x) = 6*x + 25. Let t be b(23). Let i = -22 + t. What are the prime factors of i?
3, 47
Suppose 0 = -66*w + 51*w + 13035. List the prime factors of w.
11, 79
List the prime factors of (-24)/(-4) + 0 + 1208.
2, 607
Let q be (-27)/18*(-8)/3. Suppose q*m + 246 = 3*s + 2*s, 3*s - m = 149. Suppose -s - 34 = -3*j. List the prime factors of j.
2, 7
Suppose 0 = 3*v + 12, -3*r + 2*v = -0*v - 1502. What are the prime factors of r?
2, 3, 83
Let n be (((-9)/(-6))/(15/(-80)))/(-2). Suppose n*j - 5*d = 1342, 5*j - 996 = 2*d + 673. List the prime factors of j.
3, 37
Let h = -66 - -5. What are the prime factors of h/(-2) - (-5)/10?
31
Suppose -4*c = w - 0*c + 49, -3*c = -4*w - 158. Let m(b) = b**3 + b**2 - 4*b - 3. Let u be m(4). Let j = w + u. List the prime factors of j.
2, 5
Let u(s) = s**2 + 5*s + 7. Let d be 14/(-3)*42/(-49). Suppose -d*o + 2*c = 20, o + 2*o - c = -17. List the prime factors of u(o).
3, 7
Suppose 0 = 25*p - 29*p + 712. List the prime factors of p.
2, 89
Let y(o) = o**3 - 13*o**2 + o - 3. Let d be y(13). What are the prime factors of 404/d - 4/10?
2, 5
Let k = -70 - 45. Let n = 243 + k. What are the prime factors of n?
2
Suppose 12*b = 16*b - 3504. List the prime factors of b.
2, 3, 73
Let j = 965 - 464. What are the prime factors of j?
3, 167
Let f be ((-48)/(-2) - 2) + (-14 - -12). List the prime factors of 186/(-5)*f/(-6).
2, 31
Let d = -122 - -127. Let n = -1 + 5. Suppose 2*u - 5 = -j, 0 = -u + n*u + 4*j + d. What are the prime factors of u?
5
Let n(k) = k**3 + 8*k**2 + 7*k - 6. Let u be n(-7). Let m be 15/10 + u/(-4). Suppose 5*v - 85 = f - 6*f, m*f = -3. What are the prime factors of v?
2, 3
Suppose -2226 = -3*i - 5*y, i = 4*y + 354 + 388. List the prime factors of i.
2, 7, 53
Let f = 95 + 5. Suppose 50 = 2*m - l, -4*m + 3*l = -2*l - f. Suppose 0 = -2*g + 4*u - 12, 5*g = -4*u + 15 + m. List the prime factors of g.
2
Suppose -3*t - 2*f = -2*t - 4, -4*t + 2*f + 16 = 0. What are the prime factors of (-3 + 5 + -340)/(t/(-2))?
13
Suppose 4*u = 4*x + 4172, 3159 = 4*u - u + 3*x. Suppose 15*w - u = 7*w. List the prime factors of w.
131
Let l be (-21)/(-12) - 1/(-4). Let s be (-46)/(-11) + l/(-11). Suppose 3*v - 75 = -3*z, -4*v + s*z = -61 - 23. List the prime factors of v.
23
Suppose 0 = -6*c + 1930 - 184. List the prime factors of c.
3, 97
Let c = 0 - 5. Let a(b) = 11*b - 11*b - 6 - 6*b. What are the prime factors of a(c)?
2, 3
Let c = 28 - 16. Suppose 5*a = w - 25, a - 5*a - 20 = w. Let t = c + w. What are the prime factors of t?
2, 3
Suppose 9*r + 8 = 10*r. Suppose -r*f + 550 = 2*f. List the prime factors of f.
5, 11
Let v be 0 + 1 - (-6 - -3). Suppose 2*w + v = 158. What are the prime factors of w?
7, 11
Suppose d = 5*y + 22, 5*y + 5 = -3*d - 9. What are the prime factors of (11 - 13)/(y/(-162)*-1)?
3
Let h = 1982 + -1170. List the prime factors of h.
2, 7, 29
Let g(n) = 2*n**2 - 12*n + 95. What are the prime factors of g(-21)?
1229
Let s be -3 + ((-44)/(-1))/4. Suppose s*r - 5*r = 12. Suppose -2*v - 5*j = -j, 2*v = r*j + 16. What are the prime factors of v?
2
Let h = -5 + 5. Suppose -x + 148 = -5*r, h*x + 5*x - 769 = -4*r. What are the prime factors of x?
3, 17
Suppose n - 3*f = 8 + 12, -2*f - 20 = -n. Suppose 2 = 4*g + 10, 4*i - 2*g - n = 0. Suppose 3*s - 14 = -2*k + 5, -5*s + i*k = -17. List the prime factors of s.
5
Suppose 61*i - 9*i - 92300 = 0. What are the prime factors of i?
5, 71
Suppose 4*c - d - 38 = 0, -8 = -c - 3*d + 4*d. Suppose -4*i - 34 = -6*f + f, 0 = f - 5*i + c. What are the prime factors of f?
2, 5
Suppose 5*h - 5 = -0. Let l(w) = 3*w + 1. Let q be l(h). Suppose -5*n + 197 = q*v, 5*v - 2*n = 3*n + 190. List the prime factors of v.
43
Let t be 2*(-5)/(3 - -2). List the prime factors of t/(-1)*(-935)/(-10).
11, 17
Suppose t + 2*t = 15. Suppose 9*z = t*z + 20. What are the prime factors of z?
5
Let t be (-2)/(-8) + (-5553)/36. Let r = t - -239. List the prime factors of r.
5, 17
Let r(k) = 23*k + 70. Let q be r(-10). List the prime factors of (q/(-8) - -2)*2/4.
11
Suppose 5*k + 4*y - 71 - 49 = 0, -4*k = -3*y - 65. Suppose k*l + 59 = 21*l. Suppose 0 = -3*x - 4*d + l, 18 - 59 = -2*x - 3*d. List the prime factors of x.
13
Let i = -634 + 210. Let v = -229 - i. List the prime factors of v.
3, 5, 13
Let f = 134 - 76. Suppose 4*u - 3*s = -7*s + 56, -4*u - 2*s + f = 0. What are the prime factors of u?
3, 5
Suppose -2*u + 46 = 2*z - 0*u, 0 = 4*u + 4. Let w(r) = 7*r + 16. List the prime factors of w(z).
2, 23
Let s = 170 + 39. What are the prime factors of s + 3*12/9?
3, 71
Let w(t) = -t**3 - t**2 - 10*t - 9. List the prime factors of w(-4).
79
What are the prime factors of 3*(-6)/12 - (-2535)/6?
421
Let p = 160 - 73. Suppose 4*i + k = -p, i + 4*k - 4 + 37 = 0. Let f = 41 + i. List the prime factors of f.
2, 5
Suppose 0 = -4*g + 4 + 4. Suppose -5 = -g*v - 1. List the prime factors of 2 - (-22)/2*v.
2, 3
Let l(n) = 26*n. Let z be (1 + -6)*20/25. Let u be l(z). Let f = -72 - u. What are the prime factors of f?
2
Let n be (-2)/((-3)/(9/3)). Suppose 3*i - b - 387 = -i, i - n*b = 88. Suppose -i = o - 8*o. List the prime factors of o.
2, 7
Let i = 165 - -50. List the prime factors of i.
5, 43
Suppose -31*j + 21*j + 14070 = 0. List the prime factors of j.
3, 7, 67
Suppose 0 = y - 4*y - 4*j + 262, -2*y - j + 168 = 0. Suppose -65 = -5*z - 0*z + 5*k, -4*z = 2*k - y. List the prime factors of z.
2, 3
Let m = 70 + 969. What are the prime factors of m?
1039
Suppose -2*q = -2*s + 2, -3*s + 3 = q + 3*q. Let h(g) = -4*g + 65. What are the prime factors of h(q)?
5, 13
Let v(o) = -o**3 + 16*o**2 - 12*o - 14. Let h be v(15). Suppose l - 5*r = h, 4*l - r = 9 + 77. List the prime factors of l.
3, 7
Suppose 0*d + 2*d + 3*f = 9802, -3*f - 14703 = -3*d. What are the prime factors of d?
13, 29
Let t be 1/(12/(-74)) + 45/270. List the prime factors of t/(-4)*11/(99/888).
2, 37
List the prime factors of (0/18)/1 + 3022 + 1.
3023
Suppose 0 = -z + 1 + 3. Suppose -z*o + 11 = 3. List the prime factors of (-2 - (-3 + o))*-37.
37
Let y(j) = -j**2 - 3 - 3 - 9*j + 6 - 1. Let b be y(-9). Let a(w) = -17*w - 1. What are the prime factors of a(b)?
2
Let g(l) = -l**3 - 8*l**2 - 11*l - 33. List the prime factors of g(-11).
11, 41
Suppose 4*a + 0*a = 88. Let h = a + -6. Suppose -h = -4*v + 2*v - 4*n, -5*n = -4*v + 84. What are the prime factors of v?
2
Let p be (-18 + (1 - -5))*(-37)/1. Let y = 663 - p. List the prime factors of y.
3, 73
Let d(v) = -v + 17. Let l(w) = 4*w + 1. Let i(n) = -5*n - 2. Let h(q) = -2*i(q) - 3*l(q). Let o be h(7). List the prime factors of d(o).
2, 3, 5
Suppose 0*k + 5*k = -20, -4*v - 60 = 4*k. Let r(q) = q**3 + 12*q**2 - 10*q - 26. List the prime factors of r(v).
5, 41
Let k be ((-10)/(-2) - -6)/(-1). Suppose -8 = -2*m - 3*q + 48, 5*q = -3*m + 85. Let a = m + k. What are the prime factors of a?
2, 7
Suppose -38*x = -44*x + 2964. What are the prime factors of x?
2, 13, 19
Suppose -27 = -3*q - 0*q - 4*o, q + 2*o - 11 = 0. Suppose -d - 244 = -q*d. List the prime factors of d.
61
Suppose u - 9 + 3 = 0. Let t be ((-2)/6)/((-2)/u). Let a = t - -3. What are the prime factors of a?
2
Let t = -1197 - -1569. List the prime factors of t.
2, 3, 31
Let g(m) = -14*m - 39. Let n(l) be the second derivative of -5*l**3/6 - 13*l**2/2 - 10*l. Let w(p) = -6*g(p) + 17*n(p). List the prime factors of w(6).
7
Suppose 3*u - 150 = -4*b - 37, b + 88 = 3*u. Suppose 0 = -4*h - 26 - 18. Let a = h + u. List the prime factors of a.
2, 5
Let r(n) be the third derivative of n**4/3 + n**3/3 - 12*n**2. List the prime factors of r(8).
2, 3, 11
Suppose 3*h = 3*l + 126, -23*h = 5*l - 18*h + 250. Let b = -96 + 65. Let a = b - l. List the prime factors of a.
3, 5
Suppose 5*j - 500 = 5*q, 4*j - 382 = -3*q + q. What are the prime factors of j?
97
List the prime factors of 4/(-8*(-2)/2632).
2, 7, 47
Let o(h) = -h**3 - 5*h**2 - 6*h + 6. Let x be o(-7). Suppose 3*s - 4*y - 125 = 0, -4*s + x = 2*y + 3*y. Let u = -22 + s. What are the prime factors of u?
17
Let u(n) = 4*n**2 - 4*n + 10. Let i be u(9). Suppose b - i = -120. Suppos